2
Let u(s) = -148*s + 1943. Determine u(13).
19
Let g(o) = -7*o**2 - 122*o - 481. Give g(-10).
39
Let m(r) = r**3 + 11*r**2 + 12*r + 41. Calculate m(-4).
105
Let r(y) = -33*y - 2172. Determine r(-68).
72
Let m(h) = h**2 - 6*h - 9. Calculate m(-9).
126
Let p(r) = 21*r - 1027. Give p(48).
-19
Let j(y) = 2*y**3 + 10*y**2 - 12*y - 1. Calculate j(-6).
-1
Let f(i) = -31*i + 971. Determine f(25).
196
Let o(g) = -9*g**2 + 131*g + 66. Calculate o(15).
6
Let c(i) = -5*i**3 + 12*i**2 - 9*i + 2. Calculate c(4).
-162
Let i(s) = -s**2 - 5*s - 20. Calculate i(-5).
-20
Let l(z) = -1111*z**2 + 11*z + 8. Calculate l(-1).
-1114
Let w(f) = 65*f + 1821. Determine w(-28).
1
Let c(f) = 2*f**3 + 26*f**2 + 32*f - 55. Give c(-11).
77
Let y(g) = g**3 - 76*g**2 - 305*g - 1198. Give y(80).
2
Let n(s) = 347*s + 2772. Calculate n(-8).
-4
Let x(c) = -5*c - 246. Give x(-10).
-196
Let l(h) = h**3 + 41*h**2 + 420*h + 11. Give l(-22).
-33
Let h(j) = 2*j**2 + 10*j - 10. What is h(5)?
90
Let c(f) = 5*f**3 - 50*f**2 + 65*f + 11. Calculate c(9).
191
Let g(y) = 194*y - 785. Calculate g(4).
-9
Let s(h) = -h**3 - 12*h**2 + 86*h + 1016. What is s(-12)?
-16
Let y(n) = 81*n - 43. Give y(2).
119
Let t(o) = 13*o**2 - 182*o - 37. What is t(15)?
158
Let q(t) = -925*t + 24057. Give q(26).
7
Let g(j) = -9*j**3 + 432*j**2 - 428*j + 241. Determine g(47).
6
Let z(u) = -4*u**2 - 19*u - 90. What is z(-5)?
-95
Let t(u) = -359*u - 1038. Determine t(-3).
39
Let s(f) = f**3 + 5*f**2 - 5*f - 5. Calculate s(-2).
17
Let g(k) = -k**2 + 8*k - 7. Determine g(5).
8
Let l(v) = v + 46. What is l(-8)?
38
Let y(v) = -142*v + 633. What is y(4)?
65
Let r(t) = 32*t + 1725. Give r(-56).
-67
Let l(t) = 5*t**3 - 2*t**2 - 125*t + 382. Calculate l(3).
124
Let s(f) = -3*f**2 - 15*f + 8. What is s(7)?
-244
Let h(a) = -a**3 + 37*a**2 - 214*a - 21. Give h(30).
-141
Let r(s) = -45*s - 852. Calculate r(-22).
138
Let m(g) = -g**2 - 16*g - 10. Give m(-9).
53
Let s(m) = -8*m**2 + 233*m + 21. Calculate s(29).
50
Let j(q) = -22*q - 391. Calculate j(-20).
49
Let k(c) = -18*c**2 - 612*c + 9. What is k(-34)?
9
Let y(m) = m**2 - 63*m - 286. What is y(64)?
-222
Let h(i) = 2*i**2 + 9*i - 414. Determine h(-16).
-46
Let l(c) = -c**2 - 167*c - 3415. Calculate l(-143).
17
Let h(j) = -j**3 - 21*j**2 - 38*j + 11. Calculate h(-19).
11
Let w(r) = 2*r**2 - 79*r + 364. Calculate w(5).
19
Let a(g) = -g**3 + 42*g**2 - 8*g - 160. Calculate a(42).
-496
Let y(i) = 33*i + 255. Calculate y(-6).
57
Let j(g) = g**3 - 20*g**2 - 152*g - 78. What is j(26)?
26
Let w(h) = -27*h + 10. Determine w(10).
-260
Let i(t) = 2876*t + 31627. What is i(-11)?
-9
Let y(f) = 39*f - 222. Give y(6).
12
Let k(v) = -18*v**3 - 10*v**2 + 24*v - 1. What is k(2)?
-137
Let g(b) = -57*b - 160. Determine g(4).
-388
Let q(f) = -11*f - 292. Determine q(-28).
16
Let w(l) = -1100*l - 47295. Calculate w(-43).
5
Let o(w) = 3*w**2 + 45*w - 3. What is o(-15)?
-3
Let b(j) = -j**2 + 15*j + 10. Determine b(0).
10
Let g(r) = -4*r**3 + 25*r**2 + 31*r + 10. Give g(9).
-602
Let u(r) = -r**3 + 3*r**2 + 7*r - 33. Give u(8).
-297
Let l(m) = -15*m + 585. Give l(37).
30
Let j(p) = 65*p + 3451. Calculate j(-53).
6
Let m(o) = -2*o**3 + 100*o**2 + 2*o - 109. Give m(50).
-9
Let x(a) = -a**3 - 51*a**2 - 11*a - 530. What is x(-51)?
31
Let k(d) = -277*d + 71. Determine k(1).
-206
Let d(j) = -32*j**2 - 28*j - 73. What is d(-3)?
-277
Let p(b) = 9*b**2 - 85*b + 201. Calculate p(6).
15
Let f(p) = p**3 + 28*p**2 + 35*p + 60. What is f(-27)?
-156
Let r(d) = -21*d**3 + 124*d**2 - 33*d + 273. Determine r(6).
3
Let c(n) = n**3 - 3*n**2 - n - 421. Calculate c(0).
-421
Let y(p) = -17*p**2 - 1073*p - 120. Give y(-63).
6
Let d(u) = 87*u + 2886. Determine d(-33).
15
Let j(z) = 2*z**2 + 7*z - 75. Give j(-9).
24
Let j(a) = 4*a**2 + 58*a - 213. What is j(-16)?
-117
Let g(x) = -x**2 + 52*x - 692. Calculate g(31).
-41
Let c(l) = l**3 - 7*l**2 + 78*l + 700. Calculate c(-5).
10
Let j(h) = 2*h**2 - 4*h + 122. Determine j(0).
122
Let m(a) = -a**3 - a**2 + 10*a + 26. What is m(-4)?
34
Let w(i) = 15*i**2 - 537*i + 2139. Determine w(4).
231
Let s(z) = z**2 + 775*z - 45649. What is s(55)?
1
Let h(k) = 295*k + 1597. Calculate h(-5).
122
Let a(i) = 2*i**3 + 9*i**2 - 2*i + 14. What is a(-7)?
-217
Let w(q) = -q - 36. Give w(-22).
-14
Let d(g) = -2*g**3 - 37*g**2 - 27*g + 35. What is d(-18)?
197
Let v(g) = 356*g + 63014. Give v(-177).
2
Let n(y) = 2167*y - 4334. Determine n(2).
0
Let t(p) = -57*p + 21. Determine t(2).
-93
Let y(j) = 21*j**2 - j. Calculate y(-1).
22
Let k(q) = q**3 + 30*q**2 + 3*q + 8. Calculate k(-30).
-82
Let r(x) = 2879*x + 103637. Give r(-36).
-7
Let z(v) = 956*v - 3096. Calculate z(3).
-228
Let d(c) = 111*c - 425. Give d(5).
130
Let q(i) = i**3 + 13*i**2 - 21*i + 42. Calculate q(-15).
-93
Let z(s) = s**3 - 21*s**2 + 34*s + 92. Give z(19).
16
Let i(h) = 515*h + 4131. Calculate i(-8).
11
Let n(v) = 63*v - 73. Give n(-1).
-136
Let u(m) = -3*m**3 - 7*m**2 + 15*m - 20. Give u(-4).
0
Let w(g) = 2*g**3 + 51*g**2 - 1329*g + 10. Determine w(16).
-6
Let p(v) = 5*v**2 - 349*v + 1922. Give p(6).
8
Let y(h) = -19*h**2 - 4*h + 10. What is y(2)?
-74
Let d(n) = -n**2 - 25*n - 66. What is d(-3)?
0
Let t(j) = -191*j - 2356. Give t(-10).
-446
Let s(l) = l**3 + 17*l**2 - 5*l + 236. Determine s(-18).
2
Let h(y) = 298*y + 15791. What is h(-53)?
-3
Let b(a) = 15*a**2 + 79*a - 293. Calculate b(-10).
417
Let v(w) = w**3 - 28*w**2 + 24*w + 89. What is v(27)?
8
Let p(o) = -148*o + 1934. Give p(13).
10
Let d(x) = -6*x**2 - 56*x - 89. Determine d(-2).
-1
Let c(o) = -o**2 + 24*o + 15. Calculate c(-6).
-165
Let q(y) = -61*y + 351. Give q(14).
-503
Let o(x) = x**2 + 125*x - 2303. What is o(16)?
-47
Let z(r) = -3*r**3 - 77*r**2 + 43*r + 2319. Determine z(-25).
-6
Let n(y) = -y**3 + 5*y**2 + 9*y - 13. Give n(5).
32
Let w(z) = 3*z + 53. Determine w(16).
101
Let p(w) = -5*w**2 + 179*w - 361. What is p(2)?
-23
Let o(n) = n**3 - 12*n**2 + 6*n - 188. What is o(13)?
59
Let m(i) = -7*i**2 + 17*i - 49. Give m(4).
-93
Let g(z) = 2*z**2 - 3*z + 30. Determine g(8).
134
Let x(f) = 32*f + 275. What is x(-12)?
-109
Let i(x) = -23*x**2 - 57*x + 122. Calculate i(2).
-84
Let j(u) = u**3 - 23*u**2 + 3*u - 9. Determine j(23).
60
Let c(y) = -9*y**3 - 109*y**2 - 292*y + 12. Give c(-8).
-20
Let o(g) = -56*g + 24. Determine o(3).
-144
Let p(s) = -27*s - 489. Determine p(-17).
-30
Let b(a) = -4*a**2 + 64*a - 105. What is b(14)?
7
Let s(l) = -l**3 - 40*l**2 + 48*l + 398. What is s(-41)?
111
Let z(y) = -2*y**2 + 58*y + 6085. Give z(71).
121
Let q(k) = 5*k**2 - 9*k - 188. Calculate q(-10).
402
Let q(i) = 6*i**2 + 1296*i + 8785. Calculate q(-7).
7
Let o(s) = -61*s - 767. Give o(-11).
-96
Let s(n) = -n**2 - 90*n - 561. Give s(-7).
20
Let u(z) = 38*z**2 + 367*z - 133. Give u(-10).
-3
Let b(q) = 3*q**3 + 33*q**2 + 77*q + 38. Determine b(-8).
-2
Let s(i) = -20*i + 1233. What is s(75)?
-267
Let h(x) = 9*x**3 + 3*x**2 - 7*x + 10. Give h(2).
80
Let p(u) = -u**3 + 139*u**2 - 142*u + 550. Give p(138).
-2
Let h(z) = -45*z + 78. What is h(3)?
-57
Let w(t) = -187*t + 5825. Calculate w(31).
28
Let j(i) = -i**3 + 16*i**2 + 64*i - 132. What is j(19)?
1
Let t(l) = -29*l - 69. Calculate t(-3).
18
Let o(r) = 4*r**2 + 18*r + 28. Give o(-5).
38
Let h(o) = 2*o**2 - 92*o + 874. Determine h(12).
58
Let d(r) = -2*r**3 + 63*r**2 + 32*r + 24. Give d(32).
24
Let h(k) = -k**3 - 10*k**2 + 95*k - 405. What is h(-17)?
3
Let u(h) = -h**3 + 5*h**2 - 20*h + 238. What is u(7)?
0
Let g(j) = -3*j**3 - 229*j**2 - 86*j - 765. Determine g(-76).
-5
Let j(q) = 830*q - 3483. What is j(4)?
-163
Let m(g) = -298*g + 28. What is m(0)?
28
Let n(s) = s**3 + 18*s**2 - 12*s - 33. Calculate n(-18).
183
Let z(x) = -2*x**2 - 4*x + 14. Give z(-6).
-34
Let p(f) = -f**3 - 13*f**2 - 35*f - 28. Give p(-3).
-13
Let u(o) = 1327*o + 13270. Give u(-10).
0
Let d(q) = q**2 + 5*q - 15. What is d(6)?
51
Let c(j) = j**3 + j**2 + j - 21. Determine c(0).
-21
Let n(t) = -t**2 + t - 140. Calculate n(0).
-140
Let o(a) = a**2 + 474*a + 4205. Calculate o(-9).
20
Let h(k) = 13*k**3 - 70*k**2 + 91*k. Calculate h(3).
-6
Let y(l) = 40*l - 3554. Determine y(89).
6
Let m(a) = 2*a**2 + 20*a + 3. What is m(-12)?
51
Let a(g) = 61*g + 459. What is a(-11)?
-212
Let z(i) = -25*i - 1024. Determine z(-33).
-199
Let t(a) = -a**2 + 459. Calculate t(-24).
-117
Let q(g) 